is the remainder when i is divided by j(4)?
5
Calculate the remainder when 47 is divided by (2 - (-60)/(-25))/(1/(-40)).
15
Suppose 0 = 8*k - 9*k + 14. Suppose 32 = 3*y + 4*c, 7*y - 3*y + 2*c = 26. Suppose k = y*t - 3*t. What is the remainder when t is divided by 8?
6
Suppose 0 = 32*n - 36*n + 16. What is the remainder when 4 is divided by n?
0
Suppose -h + 4 = -6. What is the remainder when 28 is divided by h?
8
Let h = -9 - -34. Let n(i) = -i**2 + 2. Let b be n(0). Suppose 2*f = 3*u - 33, b*u - 1 - 13 = 4*f. Calculate the remainder when h is divided by u.
12
Let z(q) = 2*q**2 + 10*q + 2. Calculate the remainder when 53 is divided by z(-6).
11
Let p be ((-52)/(-6))/((-5)/(-15)). What is the remainder when p/2*2/2 is divided by 5?
3
Suppose 47 = f + 22. Calculate the remainder when 145 is divided by f.
20
Let n be 14/21 - 1/(-3). Suppose -u + n = -1. Suppose 5*y + j - 80 = -j, 4*y + u*j - 66 = 0. What is the remainder when 39 is divided by y?
11
Let l = 85 - 57. Suppose 5*p + 2*a - 26 = p, 0 = -2*p + 2*a + l. Calculate the remainder when 26 is divided by p.
8
Suppose 5*z + 51 = 6*t - 2*t, -4*z - 52 = -4*t. Calculate the remainder when 7/t - (-81)/2 is divided by 11.
8
Let y(d) be the first derivative of -3*d**2 - d - 1. Let v(q) = q - 10. Let u be v(7). Calculate the remainder when y(u) is divided by 6.
5
Let r = -81 - -114. Calculate the remainder when 129 is divided by r.
30
Let s(n) = n**3 - 2*n**2 + 11. Suppose -26 = -z - 5*c + 9, -4*c = -5*z + 146. What is the remainder when z is divided by s(0)?
8
Let y(n) = 117*n**2 + 3*n + 2. What is the remainder when y(-1) is divided by 20?
16
Let n = -8 + 14. What is the remainder when 11 is divided by n?
5
Calculate the remainder when -2 + (45 - 0)/3 is divided by 7.
6
Suppose -4*y - 4*c + 248 = 0, 5*y - 2*c - 186 = 2*y. What is the remainder when y is divided by 21?
20
Let m(a) = 8*a - 3*a**2 + 0*a**2 + 3 + 2*a**2. What is the remainder when m(5) is divided by 5?
3
Let x = 78 + -62. What is the remainder when 111 is divided by x?
15
Suppose -3*w - 5*i = -5, 5*w - 2*w - 25 = 5*i. Suppose -w*n = -84 - 131. What is the remainder when n is divided by ((-30)/(-4))/(2/4)?
13
Let a be (0 - (-4)/10)*5. What is the remainder when 23 is divided by (-1 + 2 - a)*-12?
11
Let h(l) = l**2 - 4*l - 4. Suppose 6*q - 3*q = 2*k - 24, -42 = -5*k + 3*q. Calculate the remainder when 14 is divided by h(k).
6
Let p(b) = 55*b - 3. Let i be p(1). Suppose 8*g - 79 = 3*g + u, 0 = -3*g - 4*u + i. Calculate the remainder when ((-90)/(-8))/(1/4) is divided by g.
13
Let r = 6 - -1. Let u(g) = -g**3 + 9*g**2 - 10*g + 10. What is the remainder when u(r) is divided by (2 - 1)/((-9)/(-117))?
12
Let l = 43 - 40. Calculate the remainder when l is divided by 3.
0
Suppose -n + 11 = -1. Let o = 24 - 17. What is the remainder when n is divided by o?
5
Suppose -4*i = 1674 - 566. Let a = -183 - i. What is the remainder when a is divided by 32?
30
Let a(i) = -i**2 + 9*i - 9. Let k be a(8). Let q be (-1 + k)/(2/(-14)). Suppose -3*z = -q - 1. Calculate the remainder when 13 is divided by z.
3
Let y = 73 + -28. Suppose -m - 7 = -19. What is the remainder when y is divided by m?
9
Let d = -17 + 4. Suppose 0 = 7*z - 0*z - 245. Let p = d + z. What is the remainder when p is divided by 12?
10
Let u = 6 + -5. Let n = u - -1. What is the remainder when 5 is divided by n?
1
Suppose -s = -3*s + 8. What is the remainder when (-11)/3*(1 + -4) is divided by s?
3
Let l(k) = k**2 - 8*k + 3. What is the remainder when 5 is divided by l(8)?
2
Suppose -3*b + 0*i + 330 = 4*i, 4*i - 102 = -b. Let y = b + -78. Calculate the remainder when y is divided by 13.
10
What is the remainder when 6/33 - 282/(-22) is divided by 8?
5
Suppose -18 = -q + 3*v, 5*v = -13 + 38. Calculate the remainder when q is divided by 13.
7
What is the remainder when (2 - 1)/((-5)/(-385)) is divided by 39?
38
Suppose -154 = -2*s - 4*d + 20, 0 = -d. What is the remainder when s is divided by ((-1)/2)/(1/(-60))?
27
Suppose y + 2*u + 5 - 1 = 0, 0 = -5*y + 2*u + 16. What is the remainder when y is divided by 1/(-3 + 4*(-2 + 3))?
0
Let o = -40 + 60. Suppose 0 = -3*m - 3 - 0. What is the remainder when o is divided by (-21)/m*(-2)/(-6)?
6
Let i(f) = f**3 - 11*f**2 + 12*f - 10. Suppose -3*j + 16 = 5*p - 117, 0 = -3*p + 15. Calculate the remainder when j is divided by i(10).
6
Let m(c) = c**2 + 4*c - 2. Suppose 5*j = -10, -a + 5*j - 135 = -6*a. What is the remainder when a is divided by m(-6)?
9
Suppose -5 = -2*s + y, 2*s + 2*y + 1 = -3*y. Suppose 1 = -m - s. Let b = -2 - m. What is the remainder when 1 is divided by b?
0
Let q = 160 - 133. Let x(w) = -w**2 + 106. Calculate the remainder when x(0) is divided by q.
25
Suppose 5*x - 7*y + 3*y = 104, 5*x - 102 = 2*y. Let v be -3*(-1)/6*-86. Let i = -4 - v. Calculate the remainder when i is divided by x.
19
Suppose 5*b - 12 - 3 = 0. Suppose b*q = -q + 44. What is the remainder when 32 is divided by q?
10
Let z(q) = 2*q + 3. What is the remainder when (-1 + (-3)/(-6))*-74 is divided by z(5)?
11
Let c(g) = g**2 - 3*g + 12. Calculate the remainder when 39 is divided by c(4).
7
Suppose -x = -3*u - 2*u - 25, -2*x - 28 = 3*u. Suppose 0*v - 2*v + 26 = 4*s, 3 = v. What is the remainder when s is divided by ((-6)/(-5))/(u/(-15))?
2
Suppose -2*p = -6*p + 68. What is the remainder when p is divided by 9?
8
Let k be 0*((-2 - -1) + 0). Suppose -15 = 5*v - 5*o, 3*v + k*o = -o + 11. Suppose y = -v*y + 60. Calculate the remainder when 77 is divided by y.
17
Suppose 145 = 2*z + 11. Calculate the remainder when z is divided by 17.
16
Suppose 0 = 3*i + 2*u - 13, 0*u + 3 = -i + 3*u. Let d(q) = -q + 1. Let c be d(3). Calculate the remainder when (0 - c) + 8 + -3 is divided by i.
1
Suppose -13*i - 294 = -16*i. Calculate the remainder when i is divided by 33.
32
What is the remainder when 47 is divided by 174/18 + 3/9?
7
Let d be 7*(-3)/(9/6). Let s be 2024/(-28) + (-4)/d. Let j = -46 - s. Calculate the remainder when j is divided by 9.
8
Calculate the remainder when (-15 + 13)/((-2)/38) is divided by 8.
6
Calculate the remainder when 14 is divided by -2 - -1 - (6 - 10).
2
Suppose y + y - 20 = 0. Suppose -6*i + 4*i + 66 = 0. Let l = i + -14. Calculate the remainder when l is divided by y.
9
Suppose 2*g + 28 = 3*g. Suppose -30 = -3*m + l + 2*l, m - g = -5*l. Suppose 8 = 2*y - 6. What is the remainder when m is divided by y?
6
Suppose 5*n - 57 = 4*f, -2*f + 8 = -3*f - 5*n. Let l = 35 + f. What is the remainder when l is divided by 6?
4
Let i = 3 - -1. Let z = 17 + i. What is the remainder when z is divided by 6?
3
What is the remainder when 36 is divided by (2/4)/(4/104)?
10
Let c = 37 - -39. Suppose 4*t = -3*x + 25 + c, -5*x + t = -130. What is the remainder when x is divided by 15?
12
Let i be (4/3)/(4/66). Suppose 6 = -2*z + i. Let r(f) = -f**3 + 7*f**2 - 5*f - 3. Calculate the remainder when r(5) is divided by z.
6
Let q(l) = l**3 - 16*l**2 + 32*l - 28. Calculate the remainder when q(14) is divided by 16.
12
Suppose -4*b - 6 = -22. Suppose 5*v = -0*x + x - 35, -b*x + 124 = -4*v. Calculate the remainder when x is divided by 6/(-9) - 50/(-3).
14
Suppose 2*i - 116 = 4*j, 4*j + 5 = -7. Calculate the remainder when i is divided by 9.
7
Let z(f) = 6*f**3 - 2*f**2 + f. Let i be z(1). Suppose t + 6 = 6*r - r, -3*t - i*r + 22 = 0. Calculate the remainder when t is divided by 99/55 + (-2)/(-10).
0
Let x be ((-42)/(-15) - -2)*5. Let h = x - 11. What is the remainder when h is divided by 5?
3
Let m be (-1 - 2/1) + 2. What is the remainder when m - (-69)/(2 + 1) is divided by 8?
6
Let z(y) = -y**3 - 3*y**2 - 2*y + 2. What is the remainder when 39 is divided by z(-3)?
7
Suppose 2*o + 56 = 3*n - 0*o, -n + 23 = -5*o. Calculate the remainder when 70 is divided by n.
16
Suppose 56 = 3*p - 2*p + 3*v, -239 = -4*p + 3*v. Let t = p - 24. What is the remainder when t is divided by 18?
17
Let m = 13 - -70. Calculate the remainder when m is divided by 21.
20
Suppose 5 = 2*r - 5*g, 4*g - 3 - 1 = 0. Calculate the remainder when 7 is divided by r.
2
Let m(t) = -t**3 + 7*t**2 - 7*t - 4. What is the remainder when m(4) is divided by 5?
1
Suppose -20 = -4*b, 3*j - 76 = -3*b + 32. Let z = 54 - j. Calculate the remainder when z is divided by (-18)/4*(-16)/6.
11
Let o(m) be the third derivative of 7*m**